t w = -662 + 927. Let s = w - 255. What is the remainder when 39 is divided by s?
9
Let u(n) = n + 260. Let l be u(0). Let d be 2 - 20/(-6) - (651/63 + -10). Suppose w = d*w - l. Calculate the remainder when w is divided by 24.
17
Let p be (102/4)/(6/48*-4). Let r = p - -52. Let k(w) = 68*w**2 - 4*w + 5. What is the remainder when k(r) is divided by 36?
33
Let v be (-3 + 0 - -4)*(-21)/(-3). Suppose m + 288 = v*m. Suppose 9*n = n + m. What is the remainder when 15 is divided by n?
3
Suppose -5 = o + 5*r - 21, -128 = -4*o - 4*r. Suppose 18*d = 54 - o. Calculate the remainder when 8 is divided by d.
0
Suppose 5*o - 155 = 100. Let w = -117 - -205. Calculate the remainder when w is divided by 106/6 - (-17)/o.
16
Let f = -11710 - -12458. Calculate the remainder when f is divided by 150.
148
Suppose 23*k + 15 = 18*k. What is the remainder when 111 is divided by k/6*-10 - (-4 + 5)?
3
Let v be 3/1*-6*(-5)/45. Suppose 58 = v*x - 4*w + 9*w, 2*w - 31 = -x. What is the remainder when 346 is divided by x?
34
Let z(s) = -305*s - 4363. What is the remainder when z(-16) is divided by 503?
14
Calculate the remainder when (-48 - -44)*-2*(-1770)/(-8) is divided by 51.
36
Let c = 11 + -15. Let v be -3*c/12 - -683. Suppose 6*d - v + 156 = 0. What is the remainder when d is divided by 23?
19
Let b(v) = v**3 + 387*v**2 - 1129*v + 16164. Calculate the remainder when b(-390) is divided by 2 - (1 + 1 - 25).
24
Let v(a) = 8*a - 23. Let g be 3 + 8 + -3 + 4. Suppose 21 = r + g. Calculate the remainder when v(r) is divided by 17.
15
Let x(h) = -h**3 + 8*h**2 - 11*h - 1. Let b be x(6). Suppose 2*l = -3*q + 51, l - b*l + 85 = 5*q. What is the remainder when 84 is divided by q?
16
Suppose -126*k - 820 = -131*k - 5*i, -5*k + 792 = -2*i. What is the remainder when 416 is divided by k?
96
Suppose n - 5*n - 840 = 0. Let i be ((-24)/(-30))/((-4)/n). Suppose 3*m - 5*g - 43 = 0, 4 - i = -3*m + 4*g. Calculate the remainder when m is divided by 2.
0
Suppose -3 = 13*z - 29. What is the remainder when z*((-4815)/(-18))/5 is divided by 22?
19
Suppose 755 = -27*o + 32*o. Calculate the remainder when o is divided by (1 + 0)/((-249)/(-9462)).
37
Suppose 5*g + 360 = 5*f, 5*g - 79 = -2*f + 44. Let d = 18420 - 18082. Calculate the remainder when d is divided by f.
62
Let f = -22100 - -22111. What is the remainder when 2 - (2 - 1) - -54 is divided by f?
0
Let f(v) = -4*v + 5. What is the remainder when f(-7) is divided by ((-370)/30 + 8)*(6 - 9)?
7
Suppose 30*k + 11792 = 38*k. What is the remainder when 3*(-6)/(-54) + k/6 is divided by 62?
60
Let w = -2534 + 2555. Let u be -19 + 0 - 1/1. Let b = w + u. What is the remainder when 4 is divided by b?
0
Suppose -50*h - 27*h + 21791 = 0. What is the remainder when h is divided by 53?
18
Suppose 699 = -4*k - 993. Let l = k + 453. What is the remainder when 83 is divided by l?
23
Suppose 37*a - 2520 = 30*a. Suppose 0 = 3*o + 3*f - a, -11*o + 14*o = -f + 370. Calculate the remainder when o is divided by 32.
29
Let b(h) = h**2 - 6*h - 15. Calculate the remainder when -1 + 6 - (-4494)/42 is divided by b(12).
55
Calculate the remainder when 2115 is divided by (4/18)/((-168)/(-6048)).
3
Let f(w) = -w**3 + 3*w + 1. Let m be f(-3). Let j(o) = 17038*o - 102223. Calculate the remainder when m/(3 + -2 + 0) is divided by j(6).
4
Suppose 70*y - 64*y = -37050. Calculate the remainder when y/(-91) - 12/14 is divided by 105/6 + 1/(-2).
16
Let h(a) = a**3 - 15*a**2 - 28*a - 5. Let l be h(15). Let s = l + 474. What is the remainder when 291 is divided by s?
46
Suppose 0 = -4*y + 5*y - 2, -5*y = -m - 448. Let v = 601 + m. Calculate the remainder when v is divided by 41.
40
Let j(t) = -t**2 - 14*t + 71. Calculate the remainder when 616 is divided by j(-17).
16
Suppose -6*w = 2*c - 3*w - 484, 3*c = 4*w + 760. What is the remainder when 725 is divided by c?
229
Let s(b) = -4*b**3 + 105*b**2 - 26*b + 21. What is the remainder when 227 is divided by s(26)?
17
Suppose -65 = -16*d + 319. What is the remainder when ((-188)/6)/((-12)/54) is divided by d?
21
Let b(z) = -3*z + 192. What is the remainder when 7249 is divided by b(2)?
181
Let k(w) = 23*w + 27. Let n(j) = -12*j - 13. Let v(r) = 2*k(r) + 5*n(r). Let h be v(2). What is the remainder when (h + 2)/(-1 + 6 - 6) is divided by 10?
7
Let v(r) = 2*r + 24. Let k(i) = i + 1. Let j be k(-7). Let w = 77 - 32. Calculate the remainder when w is divided by v(j).
9
Suppose -6*r = -2*r. Suppose r = -10*g + 13*g - 12. Suppose -4*f + 7 = -q + 28, 0 = 2*f - g. What is the remainder when q is divided by 8?
5
Suppose 4*t = 5*m + 20, -56 = -4*t + 14*m - 18*m. What is the remainder when 367 is divided by t?
7
Let a(o) = 19*o + 2. Let l = 147408 + -147236. What is the remainder when l is divided by a(3)?
54
Let u be (-10 - -12)*(-2 + 468/8). Calculate the remainder when -4 + 3 + u - (-11 + 5) is divided by 52.
14
Suppose -6013 = -187*n - 1663 + 8927. What is the remainder when 11003 is divided by n?
69
Suppose 0 = 2*n + 2*n - 292. Suppose n - 3 = 2*j. Let l = -260 + 273. Calculate the remainder when j is divided by l.
9
Let c(x) = -286*x + 8. Let m be c(1). Let r = -189 - m. What is the remainder when r is divided by 24?
17
What is the remainder when 9277 is divided by (-70)/21*3 - -42?
29
Suppose -3*t + 2*t - 8 = 3*r, -3*t + 26 = -r. Let f = -118 - -124. Calculate the remainder when t is divided by f.
1
Let a be 11/(11/(-3))*4/1. What is the remainder when 152 is divided by (5 + -8)*68/a?
16
Let v = 52 - -15. Let i(m) = m**3 + 34*m**2 + 158*m - 278. What is the remainder when v is divided by i(-28)?
1
Suppose s - 2*d + 3*d - 85 = 0, 0 = 5*s + 3*d - 417. What is the remainder when (-344)/(-258) - 19370/(-30) is divided by s?
80
Let q = -457 + 1074. Let a = q + -615. Calculate the remainder when 39 is divided by a.
1
Let z be 55 + (3 - (-3 - -8)). Let h = 94 - z. Suppose 2*t = 198 + 124. Calculate the remainder when t is divided by h.
38
Let k be 1/(-3)*(1 - 13). Suppose 2*b - 5*n - 9 = 0, -k*b - 6*n + 60 = -2*n. Calculate the remainder when 82 is divided by b.
10
Let a be (49/(-2))/((-8)/(-16)). Let j(d) = 2*d**2 + 13*d + 12. Let g be j(-9). Let o = g + a. Calculate the remainder when 21 is divided by o.
5
Let a = 9406 + -8042. Calculate the remainder when a is divided by 38.
34
Let o = 5149 - 5147. What is the remainder when 242 is divided by o?
0
Let z(u) = -u. Let l be z(-8). Suppose a = 3 + l. Suppose -2*q = 2*q - 76. Calculate the remainder when q is divided by a.
8
Suppose -3*h = 12, 27*l - 22*l = -5*h + 525. Suppose 19 = -9*d + l. Calculate the remainder when 16 is divided by d.
6
Suppose 32*g - 5359 = 9*g. What is the remainder when g is divided by 29?
1
Let u(r) = 8*r**3 + 1. Let v = 1157 - 1132. What is the remainder when v is divided by u(1)?
7
Let g be 4/8 - (-3 - 124/(-8)). Let w = g + 46. Let p = 20 - 1. Calculate the remainder when w is divided by p.
15
Let q = 17248 - 15162. Calculate the remainder when q is divided by 40.
6
Let v = -3 + 7. Let i(n) = 11*n + 86. Suppose 15 = -3*k - 3*c - 6, -3*k + 5*c - 21 = 0. Calculate the remainder when i(k) is divided by v.
1
Let a = -607 - -219. Let p = a + 472. What is the remainder when p is divided by 17?
16
Let i be 8/68 - (-249)/51. Suppose -627 = i*r - 112. Let d = -54 - r. Calculate the remainder when d is divided by 10.
9
Suppose -l + 5 = 0, -b - 2*l + 19 = 2*b. Suppose -2*j = 3*m - 377, -6*j + 3*j = b*m - 378. What is the remainder when m is divided by 16?
13
Let b = 193 - 185. What is the remainder when 29 is divided by b + (-2)/(-10) + 192/(-60)?
4
Let j(l) = 11*l**3 + 30*l - 48. Calculate the remainder when 286 is divided by j(2).
86
Let g(k) = -14*k - 25. Let o be g(-2). Suppose 3*r - 218 = -2*r + 2*y, -3*y = -o. What is the remainder when r is divided by 16?
12
Suppose 5*g = 5*k - 345, -5*k = -3*g + 2*g - 333. Calculate the remainder when k is divided by 34.
32
Suppose -227 - 445 = 7*a. Let f = a + 127. Calculate the remainder when 65 is divided by f.
3
Let z(i) = -i**2 + 2*i - 2. Let k be z(4). What is the remainder when 224 is divided by (304/12)/(k/(-15))?
34
Let t(i) be the second derivative of -i**4/12 - 3*i**3/2 - i**2 - 4*i. Calculate the remainder when t(-8) is divided by (2 - (8 + -2)) + 2*4.
2
Suppose 2*m = 5*m. Suppose 2*j - 214 + 32 = m. Suppose -6*f = j - 3